{"id":12568,"date":"2021-09-21T01:36:38","date_gmt":"2021-09-21T01:36:38","guid":{"rendered":"http:\/\/radiotemuco.com\/home\/?page_id=12568"},"modified":"2025-09-11T18:30:26","modified_gmt":"2025-09-11T18:30:26","slug":"tarifas-servel","status":"publish","type":"page","link":"https:\/\/radiotemuco.com\/home\/tarifas-servel\/","title":{"rendered":"Tarifas Servel"},"content":{"rendered":"\n\n\n<figure class=\"wp-block-image size-full\"><img fetchpriority=\"high\" decoding=\"async\" width=\"768\" height=\"588\" src=\"https:\/\/radiotemuco.com\/home\/wp-content\/uploads\/2025\/09\/Captura-de-pantalla-2025-09-11-a-las-13.34.26-768x588-1.png\" alt=\"\" class=\"wp-image-24281\" style=\"aspect-ratio:16\/9;object-fit:cover\"\/><\/figure>\n\n\n<p>En conformidad al inciso 6 del art\u00edculo 30 de la Ley N\u00b0 18.700 Org\u00e1nica Constitucional sobre Votaciones Populares y Escrutinios a continuaci\u00f3n entregamos la informaci\u00f3n de las tarifas de nuestro medio de comunicaci\u00f3n\u00a0<a href=\"http:\/\/www.radiotemuco.com\/\">www.radiotemuco.com<\/a><\/p>\n<p>Tarifas Redes Sociales\u00a0<a href=\"http:\/\/www.radiotemuco.com\/\">www.radiotemuco.com<\/a><\/p>\n<p>El Servicio Electoral informa que fue publicado el informe tarifario para la contrataci\u00f3n de los servicios de emisi\u00f3n de propaganda electoral, para para las Elecciones\u00a0ELECCIONES PARLAMENTARIAS, PRESIDENCIALES Y EVENTUAL SEGUNDA VUELTA PRESIDENCIAL \u2013 2025.<\/p>\n<p>Si desea verificarlo puede ingresar al siguiente link<\/p>\n<p><a href=\"https:\/\/tarifas.servel.cl\/visualizar\/2cedfa27fab3d2f2813bb3c2e2f326e50e530187\">https:\/\/tarifas.servel.cl\/visualizar\/2cedfa27fab3d2f2813bb3c2e2f326e50e530187<\/a><\/p>\n<p>Tarifas Plataformas Digitales\u00a0<a href=\"http:\/\/www.radiotemuco.com\/\">www.radiotemuco.com<\/a><\/p>\n<p>El Servicio Electoral le informa, que fue publicado el informe tarifario para la contrataci\u00f3n de los servicios de emisi\u00f3n de propaganda electoral, para las Elecciones\u00a0ELECCIONES PARLAMENTARIAS, PRESIDENCIALES Y EVENTUAL SEGUNDA VUELTA PRESIDENCIAL \u2013 2025.<\/p>\n<p>Si desea verificarlo puede ingresar al siguiente link<\/p>\n<p><a href=\"https:\/\/tarifas.servel.cl\/visualizar\/959122850e844f1488bbb70a3950bf6834dec6da\">https:\/\/tarifas.servel.cl\/visualizar\/959122850e844f1488bbb70a3950bf6834dec6da<\/a><\/p>\n<p>Equipo de comunicaciones Temuco Spa.<\/p>","protected":false},"excerpt":{"rendered":"<p>En conformidad al inciso 6 del art\u00edculo 30 de la Ley N\u00b0 18.700 Org\u00e1nica Constitucional sobre Votaciones Populares y Escrutinios a continuaci\u00f3n entregamos la informaci\u00f3n de las tarifas de nuestro medio de comunicaci\u00f3n\u00a0www.radiotemuco.com Tarifas Redes Sociales\u00a0www.radiotemuco.com El Servicio Electoral informa que fue publicado el informe tarifario para la contrataci\u00f3n de los servicios de emisi\u00f3n de propaganda electoral, para para las Elecciones\u00a0ELECCIONES PARLAMENTARIAS, PRESIDENCIALES Y EVENTUAL SEGUNDA VUELTA PRESIDENCIAL \u2013 2025. Si desea verificarlo puede ingresar al siguiente link https:\/\/tarifas.servel.cl\/visualizar\/2cedfa27fab3d2f2813bb3c2e2f326e50e530187 Tarifas Plataformas Digitales\u00a0www.radiotemuco.com El Servicio Electoral le informa, que fue publicado el informe tarifario para la contrataci\u00f3n de los servicios de emisi\u00f3n [&hellip;]<\/p>\n","protected":false},"author":2,"featured_media":0,"parent":0,"menu_order":0,"comment_status":"closed","ping_status":"closed","template":"","meta":{"_crdt_document":"","_monsterinsights_skip_tracking":false,"_monsterinsights_sitenote_active":false,"_monsterinsights_sitenote_note":"","_monsterinsights_sitenote_category":0,"footnotes":""},"class_list":["post-12568","page","type-page","status-publish","hentry"],"jetpack_sharing_enabled":true,"_links":{"self":[{"href":"https:\/\/radiotemuco.com\/home\/wp-json\/wp\/v2\/pages\/12568","targetHints":{"allow":["GET"]}}],"collection":[{"href":"https:\/\/radiotemuco.com\/home\/wp-json\/wp\/v2\/pages"}],"about":[{"href":"https:\/\/radiotemuco.com\/home\/wp-json\/wp\/v2\/types\/page"}],"author":[{"embeddable":true,"href":"https:\/\/radiotemuco.com\/home\/wp-json\/wp\/v2\/users\/2"}],"replies":[{"embeddable":true,"href":"https:\/\/radiotemuco.com\/home\/wp-json\/wp\/v2\/comments?post=12568"}],"version-history":[{"count":31,"href":"https:\/\/radiotemuco.com\/home\/wp-json\/wp\/v2\/pages\/12568\/revisions"}],"predecessor-version":[{"id":24282,"href":"https:\/\/radiotemuco.com\/home\/wp-json\/wp\/v2\/pages\/12568\/revisions\/24282"}],"wp:attachment":[{"href":"https:\/\/radiotemuco.com\/home\/wp-json\/wp\/v2\/media?parent=12568"}],"curies":[{"name":"wp","href":"https:\/\/api.w.org\/{rel}","templated":true}]}}

<figure class="wp-block-image size-full"><img fetchpriority="high" decoding="async" width="768" height="588" src="https://radiotemuco.com/home/wp-content/uploads/2025/09/Captura-de-pantalla-2025-09-11-a-las-13.34.26-768x588-1.png" alt="" class="wp-image-24281" style="aspect-ratio:16/9;object-fit:cover"/></figure>


<p>En conformidad al inciso 6 del artículo 30 de la Ley N° 18.700 Orgánica Constitucional sobre Votaciones Populares y Escrutinios a continuación entregamos la información de las tarifas de nuestro medio de comunicación <a href="http://www.radiotemuco.com/">www.radiotemuco.com</a></p>
<p>Tarifas Redes Sociales <a href="http://www.radiotemuco.com/">www.radiotemuco.com</a></p>
<p>El Servicio Electoral informa que fue publicado el informe tarifario para la contratación de los servicios de emisión de propaganda electoral, para para las Elecciones ELECCIONES PARLAMENTARIAS, PRESIDENCIALES Y EVENTUAL SEGUNDA VUELTA PRESIDENCIAL – 2025.</p>
<p>Si desea verificarlo puede ingresar al siguiente link</p>
<p><a href="https://tarifas.servel.cl/visualizar/2cedfa27fab3d2f2813bb3c2e2f326e50e530187">https://tarifas.servel.cl/visualizar/2cedfa27fab3d2f2813bb3c2e2f326e50e530187</a></p>
<p>Tarifas Plataformas Digitales <a href="http://www.radiotemuco.com/">www.radiotemuco.com</a></p>
<p>El Servicio Electoral le informa, que fue publicado el informe tarifario para la contratación de los servicios de emisión de propaganda electoral, para las Elecciones ELECCIONES PARLAMENTARIAS, PRESIDENCIALES Y EVENTUAL SEGUNDA VUELTA PRESIDENCIAL – 2025.</p>
<p>Si desea verificarlo puede ingresar al siguiente link</p>
<p><a href="https://tarifas.servel.cl/visualizar/959122850e844f1488bbb70a3950bf6834dec6da">https://tarifas.servel.cl/visualizar/959122850e844f1488bbb70a3950bf6834dec6da</a></p>
<p>Equipo de comunicaciones Temuco Spa.</p>

<p>En conformidad al inciso 6 del artículo 30 de la Ley N° 18.700 Orgánica Constitucional sobre Votaciones Populares y Escrutinios a continuación entregamos la información de las tarifas de nuestro medio de comunicación www.radiotemuco.com Tarifas Redes Sociales www.radiotemuco.com El Servicio Electoral informa que fue publicado el informe tarifario para la contratación de los servicios de emisión de propaganda electoral, para para las Elecciones ELECCIONES PARLAMENTARIAS, PRESIDENCIALES Y EVENTUAL SEGUNDA VUELTA PRESIDENCIAL – 2025. Si desea verificarlo puede ingresar al siguiente link https://tarifas.servel.cl/visualizar/2cedfa27fab3d2f2813bb3c2e2f326e50e530187 Tarifas Plataformas Digitales www.radiotemuco.com El Servicio Electoral le informa, que fue publicado el informe tarifario para la contratación de los servicios de emisión [&hellip;]</p>
